hat is the units digit of n?
5
Suppose y + 3*y - u = -3, 0 = -4*y - 2*u + 6. Suppose n - 2 + y = 0. What is the units digit of n?
2
Let s(r) = 46*r**2 - 3*r - 1. What is the hundreds digit of s(-2)?
1
Let p = -8 - -11. Suppose 3 + 6 = p*v. What is the units digit of v?
3
What is the tens digit of (-295)/(-2 - -1) + (-2)/1?
9
Suppose -x = -4*x - 6. Let l = 8 + x. What is the units digit of (1 + l)*1 + -2?
5
Let d = 1 - 8. Let c(k) = -k**3 - 7*k**2 - 6*k + 5. What is the tens digit of c(d)?
4
Let s be (-64)/(-28) + (-4)/14. Let i be -1 - (-3 + 0/s). Suppose -16 = -i*m + 2*f, -2*m + 0*f - f = -1. What is the units digit of m?
3
Suppose z - 43 = -p, 0 = -5*p - z - z + 221. Let r = p - 27. What is the units digit of r?
8
Let k(h) = h + 7. Let x be ((-4)/(-5))/(2/5). Let r be 2 + -1 - (3 - x). What is the units digit of k(r)?
7
Suppose -3*p - 2*o + 97 = -3*o, 0 = -3*p - 2*o + 103. What is the units digit of p?
3
Let r = -6 - -6. Suppose -2*p + p = -5*k + 11, r = 3*p + 5*k - 47. What is the units digit of p?
9
Suppose 3*y - 9 = -3. Suppose 81 = 4*b - 3*w, 5*b - b - 86 = -y*w. What is the units digit of b?
1
Suppose a = -5*f + 8 + 29, 5*a - 4*f = 40. Let s = -3 + a. Let j = -6 + s. What is the units digit of j?
3
Let b = 6 + -3. Let a = 6 - b. What is the units digit of (-1 + 2)*(8 - a)?
5
Suppose -2*r = -c - 116 + 18, -3*r = 3*c - 156. Let k = -31 + r. Suppose 5*u - 4*o - 6 = k, 2*o + 5 = -5*u. What is the units digit of u?
1
Suppose -5 = -5*h - 2*t - 3*t, 0 = t + 3. Suppose u = -4*u + 3*i + 56, 0 = -h*u + 3*i + 43. Suppose -f - 2 + u = 0. What is the units digit of f?
1
Let y = 82 + -115. Let u = -18 - y. What is the units digit of u?
5
Suppose 3*d + 5*z - 16 = 0, z + 1 = 2*d - 1. Suppose 8 - d = x. What is the units digit of x?
6
Suppose -r - 1 = -z, -4*r - 1 = -8*r + 3*z. Suppose r*d - 136 = -3*w, w + 3 = -1. What is the units digit of d?
7
Let t = 404 - 216. What is the tens digit of t?
8
Suppose 13*t - 12*t = 71. What is the units digit of t?
1
Let s be 4/(-16) - 13/(-4). Let b(g) = -g**2 + 6*g - 1. Let d be b(5). Suppose 5*u - s*y + y = 84, -4*y = -d*u + 60. What is the tens digit of u?
1
Let f(t) = -16*t**2 - 5*t - 6. Let b(g) = 15*g**2 + 6*g + 7. Let j(r) = -6*b(r) - 7*f(r). What is the units digit of j(1)?
1
What is the units digit of ((-8)/(-6))/((-18)/(-189))?
4
Let d(r) = -r. Let j(n) = n - 1. Let q(w) = 4*d(w) + 3*j(w). What is the units digit of q(-6)?
3
Let t(r) = -r**3 + 7*r**2 + 3. Let b be t(7). Suppose 3*i + 0 = -5*g - 2, i + b*g = -2. What is the units digit of i?
1
Suppose g - 5*o = 224, 4*o = -5*g + 288 + 745. What is the units digit of g?
9
Let z be 6/2 + 1 + -2. Let j be (z/(-4))/(2/24). Let g = 12 + j. What is the units digit of g?
6
Let b = 3 - -2. Let g = b + -2. What is the units digit of g?
3
What is the tens digit of 4/(-10) + 806/65?
1
Suppose 0 = -p + 31 - 2. What is the units digit of p?
9
Let m(f) = f**3 - 6*f**2 + 6*f + 10. What is the tens digit of m(7)?
0
Let g(p) = -18*p - 1. Let f be g(-2). Let l = -11 + f. Suppose 2*b + b - l = 0. What is the units digit of b?
8
Let x(d) = 2*d + 34. Let p be x(0). Suppose 3*y + 2*n - 59 = 0, 6*n = -2*y + 2*n + p. What is the tens digit of y?
2
Suppose 5*l - 15 = -3*y + 1, 0 = -3*y + 6. Suppose -20 + 50 = l*m. What is the tens digit of m?
1
Suppose 0 = v + 3*c + 33, -2*c = 4*v + c + 96. Let r = -12 - v. What is the units digit of r?
9
Let q(c) = c**2 - 7*c + 10. Let a be q(6). What is the tens digit of -25*(-2)/a*2?
2
Let n = -139 - -241. What is the hundreds digit of n?
1
Suppose 0 = -u + 4*t + t - 13, 23 = -u - 5*t. Let d = 32 + u. What is the units digit of d?
4
Suppose 3*d - 4*p - 114 = 0, 4*d + 2*p = -0*p + 174. What is the units digit of d?
2
Let s(q) = 5*q**2 + 4*q. Let m be s(-5). Suppose 0 = o + 4*o - m. What is the tens digit of o?
2
Suppose 3*y + 2 - 32 = 0. Suppose -4*j + 51 + 29 = 4*t, -4*j - t + 95 = 0. Suppose y + j = 5*k. What is the units digit of k?
7
Suppose -6*h + 11*h = -25, -3*q + 167 = 5*h. What is the tens digit of q?
6
Suppose -4*k - 3*a = -17, 22 - 2 = 3*k - 5*a. Let i = 8 - k. What is the units digit of i?
3
Let u(t) = -5*t + 7. Let l(a) = 6*a - 7. Let j(b) = 6*l(b) + 7*u(b). Let y = 14 + -14. What is the units digit of j(y)?
7
Let v = 7 + -4. Let i(o) = o**2 - o - 4. Let n be i(v). Let u = 0 + n. What is the units digit of u?
2
Let a be 2 - 0 - (0 + 1). Suppose -a - 7 = -2*b. Suppose 3*v = 3*q - 9, b*q + 5*v - 33 = 2*v. What is the units digit of q?
6
Suppose f - 5*d - 30 = 0, 0*d - 4*d - 12 = 0. What is the units digit of f?
5
Let o(s) = -s**2 - 10*s - 7. Let q be o(-8). Suppose 5*d + 4*a = q, -3*d - d + 3*a = -32. What is the units digit of d?
5
Suppose -3*p + 6*p = 9. Suppose 6 = 2*u, -u + 17 = o - p*u. What is the units digit of o?
3
Let l = 53 - 29. What is the tens digit of l?
2
Suppose 5*a - 344 = a. Let o = -44 + a. What is the units digit of o?
2
Suppose -2*z = z - 9, -2*g + z + 15 = 0. What is the units digit of g?
9
Suppose -s - 17 + 165 = 0. What is the tens digit of 1/(2 + s/(-76))?
1
Suppose 28 = -4*h - 0*h. Let m = -10 - h. Let n = -2 - m. What is the units digit of n?
1
Let k = -2 + 5. Let v be 80/(-44) + (-4)/22. Let g = k + v. What is the units digit of g?
1
Let r be ((-4)/(-5))/(5/25). Let v be (3 - r - -2) + 9. Suppose l = -1 + v. What is the units digit of l?
9
Let l = 95 - 51. What is the tens digit of l?
4
Let b = 54 + -6. Suppose 4*l + b = 152. Let f = l + -13. What is the units digit of f?
3
Let q(g) = 4*g**2 + 3*g - 1. Let z(o) = 5*o**2 + 3*o - 2. Let i(h) = 4*q(h) - 3*z(h). What is the units digit of i(-3)?
2
Let i(v) = -v**3 - v**2 - v + 16. Suppose -1 = -o, 5 = -6*p + 3*p + 5*o. Let y be i(p). What is the units digit of -2 + y + -2 - -1?
3
Let q = 0 - -2. What is the tens digit of (-76 - -10)*(-1)/q?
3
Suppose -2*g - 68 = -4*g + 4*l, 5*l = -25. Let f = 7 + g. What is the tens digit of f?
3
Let k = -1 + 5. Let y(c) = -1 + 1 + k - 2*c. What is the units digit of y(-4)?
2
Let i(t) = 25*t - 13. What is the hundreds digit of i(8)?
1
Let o = 48 + -29. Let k be -2 + -1 + o - 1. Suppose 20 = 5*n + 3*g - 19, -2*n + k = g. What is the units digit of n?
6
Let c(h) = -h**2 + 5*h - 1. Let p be c(4). Suppose 34 = -b + p*b. What is the units digit of b?
7
Suppose -2*g = 4*x - 0*x - 326, -4*g = x - 78. What is the units digit of x?
2
Let j(k) = -k**2 + 3*k + 6. Let z be j(5). Let w = 18 + z. What is the units digit of w?
4
Let w be 3 - (0/3 - 0). Suppose -f = w*f - 8. Suppose 0 = -r + 2, -v = f*v + 2*r - 13. What is the units digit of v?
3
What is the hundreds digit of 12/15*(-2385)/(-18)?
1
Let r(h) = -45*h + 30. Let b(k) = k - 1. Let a(d) = -30*b(d) - r(d). Let v = -10 + 11. What is the tens digit of a(v)?
1
Suppose -2*z + 6*z - 16 = 0. Let c = z + -4. Suppose -3*v = -0*v - 2*w - 23, -v + 4*w + 11 = c. What is the units digit of v?
7
Suppose 37 = -6*x + 463. What is the units digit of x?
1
Suppose 5*v = 2*v + 324. What is the hundreds digit of v?
1
Suppose -37*w - 297 = -40*w. What is the tens digit of w?
9
Let c = -5 - -7. Suppose -3*t - c = -2*s, -7*t + 4*t - 5 = -5*s. Let o = s - -2. What is the units digit of o?
3
Let q be -1*(-1 - 1)*-1. Suppose 0 = 4*j - 8*j + 4. What is the units digit of (-8 - -4)/(j*q)?
2
Let z = -8 + -2. What is the tens digit of (-322)/z + 4/5?
3
Let j be (-12)/42 - (-276)/(-14). Let z be j/6 + 14/(-21). Let x = -1 - z. What is the units digit of x?
3
Let m(j) = -10. Let k(q) = -q + 1. Let u(y) = -k(y) - m(y). Let p(b) = -6*b**3 - 2*b**2 + 2*b - 1. Let w be p(1). What is the units digit of u(w)?
2
Suppose 11 - 3 = 4*u - 4*l, 0 = -3*u + 4*l + 8. Let m be 4 + 2/(u + -1). Suppose -4*z + 14 = -m. What is the units digit of z?
4
Let n(p) = -p**2 + 15*p - 4. What is the units digit of n(10)?
6
Let l be (10*(-1 - -2))/1. Let y = l - 4. What is the units digit of y?
6
Suppose 19*p - 3397 - 2436 = 0. What is the hundreds digit of p?
3
Let i(s) = -s**2 + s + 39. What is the units digit of i(0)?
9
Let r be 0 + 1/(1/3). Suppose r + 1 = -s. Let o = 5 + s. What is the units digit of o?
1
Let d(w) = -4*w + 4. What is the tens digit of d(-8)?
3
Let f = -78 - -331. What is the hundreds digit of f?
2
Suppose -3*q - 128 = 2*v - 6*v, 0 = 4*v + 5*q - 96. What is the tens digit of v?
2
Suppose s = u - 6*u + 13, -3*u + 5*s = -